 of (-28)/v + (-18)/(-14) - -6?
7
Suppose 3*v - 7 = -2*x, -2*x + 11 = 4*v - x. Let f(m) = 34*m**2 - m. Let r be f(-1). Let n = v + r. What is the tens digit of n?
3
Let v(y) = y - 10. Let o(u) = 11. Let k(a) = 5*o(a) + 4*v(a). What is the tens digit of k(7)?
4
Let r = 2824 - 79. What is the thousands digit of r?
2
Let c(o) = 254*o**2 - 24*o - 44. What is the tens digit of c(-4)?
1
Suppose -3*g + 3435 = -10*n + 7*n, 5765 = 5*g + 3*n. What is the hundreds digit of g?
1
Let n(j) = -j - 4. Let d(i) = 2*i + 8. Let p(t) = 3*d(t) + 5*n(t). Let s be ((-1)/(-6)*-15)/(1/(-2)). What is the units digit of p(s)?
9
What is the hundreds digit of (-9)/((-72)/830) + 6/(-8)?
1
Let o(q) be the first derivative of 10 + q**2 - q + 1/2*q**4 - 4/3*q**3. What is the tens digit of o(3)?
2
Let t(k) = -3*k**3 - 4*k**2 - 2*k - 5. Suppose -4*a - 6 = 6. What is the tens digit of t(a)?
4
Let d = 9 - -1. Let s(c) = -5*c + 48. Let f be s(10). What is the units digit of f + -2 + d + 3?
9
Let j(y) = 3*y**2 - y + 2. Let h be j(4). Let x(g) = 7*g + 14. Let p be x(-6). Let t = p + h. What is the tens digit of t?
1
Suppose 8 = 5*s - 17. Suppose 56 = s*p - 4*p. What is the units digit of p?
6
Let f be (-65)/(-13) - -2*4. What is the units digit of -5 + f*21/3?
6
Let r = -10 - -8. Let h be (r - 1) + (-48)/(-8). Suppose 7*p + 2*j - 60 = 3*p, -3*p - h*j + 42 = 0. What is the tens digit of p?
1
Suppose 0 = 45*a - 47*a. What is the units digit of -7*(a - -4)*8/(-16)?
4
Let a(v) = -v**3 + 14*v**2 + 3*v + 74. What is the units digit of a(12)?
8
Let o = 680 - 481. Suppose -129 = -4*t + o. What is the tens digit of t?
8
Suppose 0 = -4*p - 16, y - 4*p - 28 = -p. Let x = y + 68. What is the units digit of x?
4
Let d(x) = -x**3 - 14*x**2 + 8. Let n be d(-14). Let r = n + -6. Suppose -c + 3*q + 6 = 0, 5*q - r*q = -3*c + 78. What is the units digit of c?
1
Suppose 2*k + 6 = -0*k - 5*j, -3*k + 10 = -2*j. Suppose -4*l + 12 = 4*s, -12 = -5*l - 2*s - k*s. Suppose -w + 13 - 1 = l. What is the units digit of w?
2
Suppose -8453 = -3*g + 5*p - 124, 4*g - 4*p = 11116. What is the tens digit of g?
8
Let p(n) = 2*n**3 + n**2 - 3*n + 225. Let c be (-4)/(-6) - 4/12*2. What is the units digit of p(c)?
5
Let q = -14 - -16. What is the units digit of 1/((q/(-14) + 0)*-1)?
7
Suppose -20*s = 1394 - 37614. What is the units digit of s?
1
Let o = -23 + 26. Let c be ((-12)/16)/(9/(-24)). Suppose -c*t + 107 = o*b, -5*b + 163 = -2*t - 42. What is the units digit of b?
9
Let o be (-55)/55 - (-1 - 4). Suppose 9 = 3*c - i, 4*c - 2*i - 5 = -3*i. Suppose -42 = c*d - o*d. What is the tens digit of d?
2
Let l(r) be the first derivative of 35*r**4/4 + 2*r**3/3 + 2*r**2 - 6*r - 14. What is the hundreds digit of l(2)?
2
Let f(i) = i - 10. Let v be f(11). Suppose -v = s - 6. Suppose 3*o + s*b - 25 = 0, 2*b + 2*b = 3*o - 61. What is the tens digit of o?
1
Suppose 4*h = 6*h - 482. Suppose x = -0*x + 4*a + 97, -3*x + 2*a = -h. What is the units digit of x?
7
Suppose 9 = 5*v - 2*v. Let w = 51 - v. What is the units digit of w?
8
Let l be (-119)/(-2) - (-15)/(-10). Let m be 2/10 + l/10. Suppose -68 = 4*q - m*q. What is the tens digit of q?
3
Let d(q) = 9*q**2 + 7*q - 71. What is the hundreds digit of d(-12)?
1
Let w(n) = -3*n - 1. Let d be w(3). Let q(y) = 3*y**2 - 8*y - 3. Let h(c) = -4*c**2 + 7*c + 2. Let s(g) = 4*h(g) + 5*q(g). What is the tens digit of s(d)?
1
Let d(f) = -2*f**3 + 30*f**2 - 8*f + 116. What is the units digit of d(13)?
8
Let l(m) = 3*m - 13. Let x be l(6). Suppose -2*o - 8 = 0, 118 = 2*y + y + x*o. Let r = y - 33. What is the units digit of r?
3
Suppose 3*u + 15 = 0, 2*u = -3*f - 52 + 3. Let s = f - -21. What is the units digit of s/(-4) - (-75)/3?
3
Let y = -98 - -234. Let j = y + -88. What is the tens digit of j?
4
Suppose -4*q = -0*q + t - 321, -5*q + 385 = -2*t. Let c = q - 0. What is the units digit of c?
9
Suppose 2334*b = 2332*b + 4952. What is the thousands digit of b?
2
Let d = -5 - -5. Let r(u) = d - 1 - 10*u + 8*u + 6*u. What is the units digit of r(4)?
5
Suppose 4*w + 0*t - 222 = -2*t, 0 = 5*w + 2*t - 277. What is the tens digit of w?
5
Let i = -6 - -3. What is the hundreds digit of (-3 - (-137)/i)*-3?
1
What is the units digit of (-1073072)/(-368) - 1/(-23)?
6
Let l = -13 + 12. What is the tens digit of (-604)/(-8) + l/2?
7
Let y(t) = 2*t**2 + 8*t - 52. What is the units digit of y(-20)?
8
Suppose 6*l = 7*l - 135. Let o = 207 - l. What is the tens digit of o?
7
Let n = -173 + 987. Suppose -2*q = 9*q - n. What is the units digit of q?
4
What is the hundreds digit of 6185/10 - (-13)/(-26)?
6
Let k(n) = 2*n**2 + 5*n + 2. Suppose -8*y = -y + 21. What is the units digit of k(y)?
5
Let u(j) = 206*j**2 - 18*j - 37. What is the tens digit of u(-4)?
3
Let g(u) = 7*u**3 + 8*u**2 + 3*u. Let q(f) = 8*f**3 + 9*f**2 + 3*f + 1. Let k(n) = 7*g(n) - 6*q(n). What is the units digit of k(4)?
2
Let f = -52 + 54. Suppose -3*h + 2*n = f*h - 244, -4*h - 5*n = -215. What is the units digit of h?
0
Suppose -3*f + 0 + 9 = 0. Suppose 3*m = 4*u - 505, 12 = -f*m + 3. Suppose -u = -5*w + w. What is the units digit of w?
1
Let z be (-18)/99 - -1*(-559)/11. Let u = z - -75. What is the tens digit of u?
2
What is the units digit of 5/(-35) - 8*(-16)/14?
9
Let s(v) = v**2 - 4*v + 13. Let g be s(16). Suppose -3*u = -15, -h - h - 5*u = -g. Suppose -4*n + n = -h. What is the tens digit of n?
3
Suppose 45*x - 81*x + 33084 = 0. What is the hundreds digit of x?
9
Let a(x) = -x**3 + 22*x**2 - 42*x + 44. What is the units digit of a(18)?
4
Suppose -2*m + 5 + 3 = 0, -5*m - 20 = -4*u. What is the tens digit of (-15)/9*(-34)/u*3?
1
Let q(p) = 5*p**3 - 11*p**2 - 2*p + 33. What is the units digit of q(4)?
9
Suppose 0 = a + 5*c - 397, -a - c + 1247 = 2*a. What is the units digit of a?
7
What is the thousands digit of 865032/323 - (-10)/(-85)?
2
Suppose 5*p + 3*o - 18 = 39, p - 11 = -o. What is the tens digit of p/(-30) + 485/25?
1
Let l = -18 + 66. Let k = l + -76. Let r = k - -68. What is the tens digit of r?
4
Let m = 1484 + -565. What is the units digit of m?
9
Let z = -230 + 464. What is the tens digit of z?
3
Let n = -787 - -1477. What is the units digit of n?
0
Suppose 7*i - 1769 = 2382. What is the tens digit of i?
9
What is the units digit of (-140)/28 + (-3)/(3/(-881))?
6
Let s be (1 + 9)*(-456)/48. Let i = s + 149. What is the units digit of i?
4
Let v(n) = 2*n**2 - 8*n - 7. Let z(d) = d + 21. Let b be z(-12). Let p be v(b). Suppose -4*k = -p - 189. What is the tens digit of k?
6
Let o(p) = -5*p + 1 + 4*p - 6. Let s be o(-7). Suppose 0 = 2*b + 8, -s*i - 4*b = -34 - 54. What is the units digit of i?
2
Let j be (-3)/(9/15) + 6. What is the hundreds digit of 146 - (12/3 + j)?
1
Let x(y) = -y**3 + 3*y**2 - y. Let d be x(3). What is the units digit of 4 + (-10)/(-15)*d?
2
Let v = 863 - -776. What is the tens digit of v?
3
What is the hundreds digit of 6 + -2 + (-6)/(12/(-3254))?
6
Let l be 9/18 - 5/(-2). What is the tens digit of l*(14 + 1 - -2)?
5
Let w be ((-24)/(-14))/(14/49). Let x be (-152)/56 - w/21. What is the units digit of (62 - -1) + -4 - x?
2
Suppose 4*a - 2*m - 1832 = 0, 1873 = 4*a + m + 53. What is the hundreds digit of a?
4
Let g = 67 + -317. What is the tens digit of g/(-8) + (-3)/(-4)?
3
Let t(d) = d**2 + d - 3. Let a(p) = p + 9. Let v be a(-9). Let w be t(v). Let l(n) = -2*n**3 - 2*n**2 + 5*n + 3. What is the tens digit of l(w)?
2
Suppose 5*l - 13 = -2*s, s + 2*l - 44 = 7*l. Suppose -4*r + 14 = 3*n - 31, -2*r = 3*n - 21. Let j = s - r. What is the units digit of j?
7
Let a(b) = 89*b**3 - 9*b + 1. What is the tens digit of a(2)?
9
Suppose 6 = -4*n + 3*q + 20, 4*n + 3*q = 2. Let t be n*11/(-2)*-1. Let d = 16 - t. What is the units digit of d?
5
What is the units digit of 697/2 - 9 - 1/2?
9
What is the tens digit of 68*(7 - -42*54/48)?
8
What is the units digit of ((-2)/(-3))/((-916)/(-912) + -1)?
2
Suppose 4*d - 21 = 3*v, -3*v = -v + 4*d + 34. Let w = v + -15. Let m = -18 - w. What is the units digit of m?
8
Let s(c) = -12*c**2 + 8*c + 2. Let f be s(-7). What is the tens digit of f/(-14) + -3*1/(-21)?
4
Let c = -4 - -12. What is the hundreds digit of (30/c)/((-4888)/(-1216) + -4)?
1
Let m(x) = -2*x + 4. Let j be m(-8). What is the units digit of -3 - j/(-8) - 346/(-4)?
6
Let k = -34 + 47. Suppose -2*i = m - 1, 7 = 4*i - 4*m